{"id":3123,"date":"2026-04-17T11:44:53","date_gmt":"2026-04-17T09:44:53","guid":{"rendered":"https:\/\/utcaifoci.hu\/?page_id=3123"},"modified":"2026-04-17T11:44:54","modified_gmt":"2026-04-17T09:44:54","slug":"valasz-a-lakossagi-kerdesekre","status":"publish","type":"page","link":"https:\/\/utcaifoci.hu\/?page_id=3123","title":{"rendered":"V\u00c1LASZ A LAKOSS\u00c1GI K\u00c9RD\u00c9SEKRE"},"content":{"rendered":"\n<p>Az \u00f6nkorm\u00e1nyzat \u00f6sszegy\u0171jt\u00f6tte azokat a k\u00e9rd\u00e9seket \u00e9s v\u00e1laszokat a p\u00e1ly\u00e1val kapcsolatban, amelyek a legink\u00e1bb foglalkoztatj\u00e1k a k\u00f6rny\u00e9ken \u00e9l\u0151ket.<\/p>\n\n\n\n<p><a href=\"https:\/\/www.ferencvaros.hu\/aktualitasok\/kerdesek-es-valaszok-a-nyuldomb-park-fejlesztesevel-kapcsolatban\/?fbclid=IwY2xjawQ4bZJleHRuA2FlbQIxMABicmlkETAyTE9WS1BIZGlsQ1pGYnRPc3J0YwZhcHBfaWQQMjIyMDM5MTc4ODIwMDg5MgABHkFG6KozyvRP4K74pASRuw6I1aAfwmeuj1umIQxiE9k67OPOTwFVf6l3uliL_aem_DG8Ks2liu1dM7UEvJ9dO5w\">K\u00e9rd\u00e9sek \u00e9s v\u00e1laszok a Ny\u00faldomb fejleszt\u00e9s\u00e9vel kapcsolatban<\/a><\/p>\n\n\n\n<figure class=\"wp-block-image size-large\"><a href=\"https:\/\/utcaifoci.hu\/wp-content\/uploads\/2026\/04\/palya2.jpg\"><img loading=\"lazy\" decoding=\"async\" width=\"1024\" height=\"576\" src=\"https:\/\/utcaifoci.hu\/wp-content\/uploads\/2026\/04\/palya2-1024x576.jpg\" alt=\"\" class=\"wp-image-3124\" srcset=\"https:\/\/utcaifoci.hu\/wp-content\/uploads\/2026\/04\/palya2-1024x576.jpg 1024w, https:\/\/utcaifoci.hu\/wp-content\/uploads\/2026\/04\/palya2-300x169.jpg 300w, https:\/\/utcaifoci.hu\/wp-content\/uploads\/2026\/04\/palya2-768x432.jpg 768w, https:\/\/utcaifoci.hu\/wp-content\/uploads\/2026\/04\/palya2-1536x864.jpg 1536w, https:\/\/utcaifoci.hu\/wp-content\/uploads\/2026\/04\/palya2-700x394.jpg 700w, https:\/\/utcaifoci.hu\/wp-content\/uploads\/2026\/04\/palya2-2000x1125.jpg 2000w, https:\/\/utcaifoci.hu\/wp-content\/uploads\/2026\/04\/palya2-711x400.jpg 711w, https:\/\/utcaifoci.hu\/wp-content\/uploads\/2026\/04\/palya2.jpg 2048w\" sizes=\"auto, (max-width: 1024px) 100vw, 1024px\" \/><\/a><\/figure>\n","protected":false},"excerpt":{"rendered":"<p>Az \u00f6nkorm\u00e1nyzat \u00f6sszegy\u0171jt\u00f6tte azokat a k\u00e9rd\u00e9seket \u00e9s v\u00e1laszokat a p\u00e1ly\u00e1val kapcsolatban, amelyek a legink\u00e1bb foglalkoztatj\u00e1k a k\u00f6rny\u00e9ken \u00e9l\u0151ket. K\u00e9rd\u00e9sek \u00e9s v\u00e1laszok a Ny\u00faldomb fejleszt\u00e9s\u00e9vel kapcsolatban<\/p>\n","protected":false},"author":1,"featured_media":0,"parent":0,"menu_order":0,"comment_status":"closed","ping_status":"closed","template":"","meta":{"footnotes":""},"class_list":["post-3123","page","type-page","status-publish","hentry"],"_links":{"self":[{"href":"https:\/\/utcaifoci.hu\/index.php?rest_route=\/wp\/v2\/pages\/3123","targetHints":{"allow":["GET"]}}],"collection":[{"href":"https:\/\/utcaifoci.hu\/index.php?rest_route=\/wp\/v2\/pages"}],"about":[{"href":"https:\/\/utcaifoci.hu\/index.php?rest_route=\/wp\/v2\/types\/page"}],"author":[{"embeddable":true,"href":"https:\/\/utcaifoci.hu\/index.php?rest_route=\/wp\/v2\/users\/1"}],"replies":[{"embeddable":true,"href":"https:\/\/utcaifoci.hu\/index.php?rest_route=%2Fwp%2Fv2%2Fcomments&post=3123"}],"version-history":[{"count":1,"href":"https:\/\/utcaifoci.hu\/index.php?rest_route=\/wp\/v2\/pages\/3123\/revisions"}],"predecessor-version":[{"id":3126,"href":"https:\/\/utcaifoci.hu\/index.php?rest_route=\/wp\/v2\/pages\/3123\/revisions\/3126"}],"wp:attachment":[{"href":"https:\/\/utcaifoci.hu\/index.php?rest_route=%2Fwp%2Fv2%2Fmedia&parent=3123"}],"curies":[{"name":"wp","href":"https:\/\/api.w.org\/{rel}","templated":true}]}}