{"id":3117,"date":"2026-04-17T11:41:42","date_gmt":"2026-04-17T09:41:42","guid":{"rendered":"https:\/\/utcaifoci.hu\/?page_id=3117"},"modified":"2026-04-17T11:41:43","modified_gmt":"2026-04-17T09:41:43","slug":"orarend","status":"publish","type":"page","link":"https:\/\/utcaifoci.hu\/?page_id=3117","title":{"rendered":"\u00d3RAREND"},"content":{"rendered":"\n<p>Hamarosan!<\/p>\n\n\n\n<p>Edz\u00e9seink ingyenesen, b\u00e1rki sz\u00e1m\u00e1ra el\u00e9rhet\u0151k \u00e9s koroszt\u00e1lyos bont\u00e1sban, tapasztalatt\u00f3l f\u00fcggetlen\u00fcl l\u00e1togathat\u00f3k.<\/p>\n\n\n\n<p>Az id\u0151pontokat a helyi k\u00f6z\u00f6ss\u00e9ggel egyeztetve, ig\u00e9nyeiket figyelembe v\u00e9ve alak\u00edtjuk ki.<\/p>\n\n\n\n<p><\/p>\n","protected":false},"excerpt":{"rendered":"<p>Hamarosan! Edz\u00e9seink ingyenesen, b\u00e1rki sz\u00e1m\u00e1ra el\u00e9rhet\u0151k \u00e9s koroszt\u00e1lyos bont\u00e1sban, tapasztalatt\u00f3l f\u00fcggetlen\u00fcl l\u00e1togathat\u00f3k. Az id\u0151pontokat a helyi k\u00f6z\u00f6ss\u00e9ggel egyeztetve, ig\u00e9nyeiket figyelembe v\u00e9ve alak\u00edtjuk ki.<\/p>\n","protected":false},"author":1,"featured_media":0,"parent":0,"menu_order":0,"comment_status":"closed","ping_status":"closed","template":"","meta":{"footnotes":""},"class_list":["post-3117","page","type-page","status-publish","hentry"],"_links":{"self":[{"href":"https:\/\/utcaifoci.hu\/index.php?rest_route=\/wp\/v2\/pages\/3117","targetHints":{"allow":["GET"]}}],"collection":[{"href":"https:\/\/utcaifoci.hu\/index.php?rest_route=\/wp\/v2\/pages"}],"about":[{"href":"https:\/\/utcaifoci.hu\/index.php?rest_route=\/wp\/v2\/types\/page"}],"author":[{"embeddable":true,"href":"https:\/\/utcaifoci.hu\/index.php?rest_route=\/wp\/v2\/users\/1"}],"replies":[{"embeddable":true,"href":"https:\/\/utcaifoci.hu\/index.php?rest_route=%2Fwp%2Fv2%2Fcomments&post=3117"}],"version-history":[{"count":1,"href":"https:\/\/utcaifoci.hu\/index.php?rest_route=\/wp\/v2\/pages\/3117\/revisions"}],"predecessor-version":[{"id":3119,"href":"https:\/\/utcaifoci.hu\/index.php?rest_route=\/wp\/v2\/pages\/3117\/revisions\/3119"}],"wp:attachment":[{"href":"https:\/\/utcaifoci.hu\/index.php?rest_route=%2Fwp%2Fv2%2Fmedia&parent=3117"}],"curies":[{"name":"wp","href":"https:\/\/api.w.org\/{rel}","templated":true}]}}