{"id":2956,"date":"2026-02-23T17:16:12","date_gmt":"2026-02-23T15:16:12","guid":{"rendered":"https:\/\/utcaifoci.hu\/?page_id=2956"},"modified":"2026-02-23T17:19:07","modified_gmt":"2026-02-23T15:19:07","slug":"segito-bankkartya-program-magnet-bank","status":"publish","type":"page","link":"https:\/\/utcaifoci.hu\/?page_id=2956","title":{"rendered":"Seg\u00edt\u0151 Bankk\u00e1rtya Program &#8211; MagNet Bank"},"content":{"rendered":"\n<p><strong>Seg\u00edt\u0151 Bankk\u00e1rtya Program &#8211; MagNet Bankosoknak<\/strong><\/p>\n\n\n\n<p><strong>Seg\u00edts nek\u00fcnk bankk\u00e1rty\u00e1s v\u00e1s\u00e1rl\u00e1saiddal!<\/strong><\/p>\n\n\n\n<p>Egyes\u00fclet\u00fcnk b\u00fcszke partnere a <strong>MagNet Bank Seg\u00edt\u0151 Bankk\u00e1rtya Programj\u00e1nak<\/strong>. Ez a k\u00f6z\u00f6ss\u00e9gi kezdem\u00e9nyez\u00e9s lehet\u0151v\u00e9 teszi, hogy a bankk\u00e1rty\u00e1s v\u00e1s\u00e1rl\u00e1said ut\u00e1n a Bank a saj\u00e1t bev\u00e9tel\u00e9b\u0151l ny\u00fajtson t\u00e1mogat\u00e1st sz\u00e1munkra. Neked ez egy fill\u00e9redbe sem ker\u00fcl!<\/p>\n\n\n\n<p><strong>Hogyan t\u00e1mogathatsz minket?<\/strong> Ha a MagNet Bankn\u00e1l bankolsz, a NetBankon vagy a mobilapplik\u00e1ci\u00f3n kereszt\u00fcl v\u00e1laszd ki szervezet\u00fcnket <strong>M\u00e1sodik Es\u00e9ly Sportegyes\u00fclet<\/strong> a Seg\u00edt\u0151 Bankk\u00e1rtya Program list\u00e1j\u00e1b\u00f3l. Ezt k\u00f6vet\u0151en minden k\u00e1rty\u00e1s v\u00e1s\u00e1rl\u00e1sod ut\u00e1n a Bank automatikusan t\u00e1mogatni fog minket.<\/p>\n\n\n<div class=\"wp-block-image\">\n<figure class=\"aligncenter size-full\"><a href=\"https:\/\/www.magnetbank.hu\" target=\"_blank\" rel=\" noreferrer noopener\"><img loading=\"lazy\" decoding=\"async\" width=\"239\" height=\"162\" src=\"https:\/\/utcaifoci.hu\/wp-content\/uploads\/2026\/02\/image-5.png\" alt=\"\" class=\"wp-image-2882\"\/><\/a><\/figure>\n<\/div>\n\n\n<p>Tov\u00e1bbi inform\u00e1ci\u00f3 a programr\u00f3l:<a href=\"https:\/\/www.magnetbank.hu\/\"> <\/a><a href=\"http:\/\/www.magnetbank.hu\">www.magnetbank.hu<\/a><\/p>\n\n\n\n<p>Itt tudod be\u00e1ll\u00edtani a t\u00e1mogat\u00e1st: <a href=\"https:\/\/www.magnetbank.hu\/programok\/egyeni-adomanyozasi-program-_eap_?_gl=1*1fdsc1g*_up*MQ..*_gs*MQ..&amp;gclid=CjwKCAiAncvMBhBEEiwA9GU_fsYuXviM54ksMZzRsXi4gGZ-6wZVP9A9re-hrbMhcGtz3XQE9o1kpRoCfnwQAvD_BwE&amp;gbraid=0AAAAADlGAEd0Ql8COUkMI0uK4Qh90FeRR\">L\u00e9p\u00e9sr\u0151l l\u00e9p\u00e9sre<\/a><\/p>\n","protected":false},"excerpt":{"rendered":"<p>Seg\u00edt\u0151 Bankk\u00e1rtya Program &#8211; MagNet Bankosoknak Seg\u00edts nek\u00fcnk bankk\u00e1rty\u00e1s v\u00e1s\u00e1rl\u00e1saiddal! Egyes\u00fclet\u00fcnk b\u00fcszke partnere a MagNet Bank Seg\u00edt\u0151 Bankk\u00e1rtya Programj\u00e1nak. Ez a k\u00f6z\u00f6ss\u00e9gi kezdem\u00e9nyez\u00e9s lehet\u0151v\u00e9 teszi, hogy a bankk\u00e1rty\u00e1s v\u00e1s\u00e1rl\u00e1said ut\u00e1n a Bank a saj\u00e1t bev\u00e9tel\u00e9b\u0151l ny\u00fajtson t\u00e1mogat\u00e1st sz\u00e1munkra. Neked ez egy fill\u00e9redbe sem ker\u00fcl! Hogyan t\u00e1mogathatsz minket? Ha a MagNet Bankn\u00e1l bankolsz, a NetBankon vagy &hellip; <a href=\"https:\/\/utcaifoci.hu\/?page_id=2956\" class=\"more-link\">Continue reading <span class=\"screen-reader-text\">Seg\u00edt\u0151 Bankk\u00e1rtya Program &#8211; MagNet Bank<\/span> <span class=\"meta-nav\">&rarr;<\/span><\/a><\/p>\n","protected":false},"author":1,"featured_media":0,"parent":0,"menu_order":0,"comment_status":"closed","ping_status":"closed","template":"","meta":{"footnotes":""},"class_list":["post-2956","page","type-page","status-publish","hentry"],"_links":{"self":[{"href":"https:\/\/utcaifoci.hu\/index.php?rest_route=\/wp\/v2\/pages\/2956","targetHints":{"allow":["GET"]}}],"collection":[{"href":"https:\/\/utcaifoci.hu\/index.php?rest_route=\/wp\/v2\/pages"}],"about":[{"href":"https:\/\/utcaifoci.hu\/index.php?rest_route=\/wp\/v2\/types\/page"}],"author":[{"embeddable":true,"href":"https:\/\/utcaifoci.hu\/index.php?rest_route=\/wp\/v2\/users\/1"}],"replies":[{"embeddable":true,"href":"https:\/\/utcaifoci.hu\/index.php?rest_route=%2Fwp%2Fv2%2Fcomments&post=2956"}],"version-history":[{"count":2,"href":"https:\/\/utcaifoci.hu\/index.php?rest_route=\/wp\/v2\/pages\/2956\/revisions"}],"predecessor-version":[{"id":2959,"href":"https:\/\/utcaifoci.hu\/index.php?rest_route=\/wp\/v2\/pages\/2956\/revisions\/2959"}],"wp:attachment":[{"href":"https:\/\/utcaifoci.hu\/index.php?rest_route=%2Fwp%2Fv2%2Fmedia&parent=2956"}],"curies":[{"name":"wp","href":"https:\/\/api.w.org\/{rel}","templated":true}]}}