{"id":2650,"date":"2025-07-29T14:42:29","date_gmt":"2025-07-29T12:42:29","guid":{"rendered":"https:\/\/utcaifoci.hu\/?page_id=2650"},"modified":"2025-07-29T14:46:23","modified_gmt":"2025-07-29T12:46:23","slug":"elerhetosegek","status":"publish","type":"page","link":"https:\/\/utcaifoci.hu\/?page_id=2650","title":{"rendered":"El\u00e9rhet\u0151s\u00e9gek"},"content":{"rendered":"\n<p>M\u00e1sodik Es\u00e9ly Sportegyes\u00fclet<br>1084 Budapest, N\u00e9met utca 16<br>Eln\u00f6k: R\u00e1kos Andr\u00e1s<br>Tel: (70) 643 8391<\/p>\n\n\n\n<p>e-mail:&nbsp;<a href=\"javascript:location.href='mailto:'+String.fromCharCode(105,110,102,111,64,117,116,99,97,105,102,111,99,105,46,104,117)+'?%27\">info@utcaifoci.hu<\/a><\/p>\n\n\n\n<p><\/p>\n","protected":false},"excerpt":{"rendered":"<p>M\u00e1sodik Es\u00e9ly Sportegyes\u00fclet1084 Budapest, N\u00e9met utca 16Eln\u00f6k: R\u00e1kos Andr\u00e1sTel: (70) 643 8391 e-mail:&nbsp;info@utcaifoci.hu<\/p>\n","protected":false},"author":1,"featured_media":0,"parent":0,"menu_order":0,"comment_status":"closed","ping_status":"closed","template":"","meta":{"footnotes":""},"class_list":["post-2650","page","type-page","status-publish","hentry"],"_links":{"self":[{"href":"https:\/\/utcaifoci.hu\/index.php?rest_route=\/wp\/v2\/pages\/2650","targetHints":{"allow":["GET"]}}],"collection":[{"href":"https:\/\/utcaifoci.hu\/index.php?rest_route=\/wp\/v2\/pages"}],"about":[{"href":"https:\/\/utcaifoci.hu\/index.php?rest_route=\/wp\/v2\/types\/page"}],"author":[{"embeddable":true,"href":"https:\/\/utcaifoci.hu\/index.php?rest_route=\/wp\/v2\/users\/1"}],"replies":[{"embeddable":true,"href":"https:\/\/utcaifoci.hu\/index.php?rest_route=%2Fwp%2Fv2%2Fcomments&post=2650"}],"version-history":[{"count":2,"href":"https:\/\/utcaifoci.hu\/index.php?rest_route=\/wp\/v2\/pages\/2650\/revisions"}],"predecessor-version":[{"id":2654,"href":"https:\/\/utcaifoci.hu\/index.php?rest_route=\/wp\/v2\/pages\/2650\/revisions\/2654"}],"wp:attachment":[{"href":"https:\/\/utcaifoci.hu\/index.php?rest_route=%2Fwp%2Fv2%2Fmedia&parent=2650"}],"curies":[{"name":"wp","href":"https:\/\/api.w.org\/{rel}","templated":true}]}}