{"id":1739,"date":"2019-11-06T12:17:13","date_gmt":"2019-11-06T10:17:13","guid":{"rendered":"http:\/\/utcaifoci.hu\/?page_id=1739"},"modified":"2019-11-06T12:17:13","modified_gmt":"2019-11-06T10:17:13","slug":"poldis-eleven","status":"publish","type":"page","link":"https:\/\/utcaifoci.hu\/?page_id=1739","title":{"rendered":"Poldi\u2019s Eleven"},"content":{"rendered":"<p>Poldi\u2019s Eleven 2019<\/p>\n<p>A Lukas Podolski Foundation \u00e9s a RheinFlanke m\u00e1r m\u00e1sodszorra rendezte meg a Poldi\u2019s Eleven torn\u00e1t, ahol 2019-ben mi is k\u00e9pviseltett\u00fck magunkat 6 j\u00e1t\u00e9kos \u00e9s egy young leader szem\u00e9ly\u00e9ben. A 3 napos bajonoks\u00e1g keretein bel\u00fcl fiataljaink vegyes csapatokban football3 rendszer keretei k\u00f6z\u00f6tt mutathatt\u00e1k meg ki a legfairebb j\u00e1t\u00e9kos, m\u00edg a young leaderek k\u00f6z\u00f6sen alak\u00edtott\u00e1k ki a v\u00e1laszthat\u00f3 szab\u00e1lyokat. K\u00fcl\u00f6n \u00f6r\u00f6m, hogy a vegyes nemzetis\u00e9g\u0171 j\u00e1t\u00e9kosokb\u00f3l \u00f6ssze\u00e1llt legsportszer\u0171bb csapat\u00e1ban k\u00e9t magyar j\u00e1t\u00e9kos is helyett kapott.<\/p>\n","protected":false},"excerpt":{"rendered":"<p>Poldi\u2019s Eleven 2019 A Lukas Podolski Foundation \u00e9s a RheinFlanke m\u00e1r m\u00e1sodszorra rendezte meg a Poldi\u2019s Eleven torn\u00e1t, ahol 2019-ben mi is k\u00e9pviseltett\u00fck magunkat 6 j\u00e1t\u00e9kos \u00e9s egy young leader szem\u00e9ly\u00e9ben. A 3 napos bajonoks\u00e1g keretein bel\u00fcl fiataljaink vegyes csapatokban football3 rendszer keretei k\u00f6z\u00f6tt mutathatt\u00e1k meg ki a legfairebb j\u00e1t\u00e9kos, m\u00edg a young leaderek k\u00f6z\u00f6sen &hellip; <a href=\"https:\/\/utcaifoci.hu\/?page_id=1739\" class=\"more-link\">Continue reading <span class=\"screen-reader-text\">Poldi\u2019s Eleven<\/span> <span class=\"meta-nav\">&rarr;<\/span><\/a><\/p>\n","protected":false},"author":1,"featured_media":0,"parent":1261,"menu_order":1,"comment_status":"closed","ping_status":"closed","template":"","meta":{"footnotes":""},"class_list":["post-1739","page","type-page","status-publish","hentry"],"_links":{"self":[{"href":"https:\/\/utcaifoci.hu\/index.php?rest_route=\/wp\/v2\/pages\/1739","targetHints":{"allow":["GET"]}}],"collection":[{"href":"https:\/\/utcaifoci.hu\/index.php?rest_route=\/wp\/v2\/pages"}],"about":[{"href":"https:\/\/utcaifoci.hu\/index.php?rest_route=\/wp\/v2\/types\/page"}],"author":[{"embeddable":true,"href":"https:\/\/utcaifoci.hu\/index.php?rest_route=\/wp\/v2\/users\/1"}],"replies":[{"embeddable":true,"href":"https:\/\/utcaifoci.hu\/index.php?rest_route=%2Fwp%2Fv2%2Fcomments&post=1739"}],"version-history":[{"count":1,"href":"https:\/\/utcaifoci.hu\/index.php?rest_route=\/wp\/v2\/pages\/1739\/revisions"}],"predecessor-version":[{"id":1740,"href":"https:\/\/utcaifoci.hu\/index.php?rest_route=\/wp\/v2\/pages\/1739\/revisions\/1740"}],"up":[{"embeddable":true,"href":"https:\/\/utcaifoci.hu\/index.php?rest_route=\/wp\/v2\/pages\/1261"}],"wp:attachment":[{"href":"https:\/\/utcaifoci.hu\/index.php?rest_route=%2Fwp%2Fv2%2Fmedia&parent=1739"}],"curies":[{"name":"wp","href":"https:\/\/api.w.org\/{rel}","templated":true}]}}

<p>Poldi’s Eleven 2019</p>
<p>A Lukas Podolski Foundation és a RheinFlanke már másodszorra rendezte meg a Poldi’s Eleven tornát, ahol 2019-ben mi is képviseltettük magunkat 6 játékos és egy young leader személyében. A 3 napos bajonokság keretein belül fiataljaink vegyes csapatokban football3 rendszer keretei között mutathatták meg ki a legfairebb játékos, míg a young leaderek közösen alakították ki a választható szabályokat. Külön öröm, hogy a vegyes nemzetiségű játékosokból összeállt legsportszerűbb csapatában két magyar játékos is helyett kapott.</p>

<p>Poldi’s Eleven 2019 A Lukas Podolski Foundation és a RheinFlanke már másodszorra rendezte meg a Poldi’s Eleven tornát, ahol 2019-ben mi is képviseltettük magunkat 6 játékos és egy young leader személyében. A 3 napos bajonokság keretein belül fiataljaink vegyes csapatokban football3 rendszer keretei között mutathatták meg ki a legfairebb játékos, míg a young leaderek közösen &hellip; <a href="https://utcaifoci.hu/?page_id=1739" class="more-link">Continue reading <span class="screen-reader-text">Poldi’s Eleven</span> <span class="meta-nav">&rarr;</span></a></p>
