{"id":1502,"date":"2017-10-19T13:36:13","date_gmt":"2017-10-19T11:36:13","guid":{"rendered":"http:\/\/utcaifoci.hu\/?page_id=1502"},"modified":"2025-12-17T16:46:21","modified_gmt":"2025-12-17T14:46:21","slug":"contact-us","status":"publish","type":"page","link":"https:\/\/utcaifoci.hu\/?page_id=1502","title":{"rendered":"Contact"},"content":{"rendered":"<p><strong>Second Chance Sports Association<\/strong><br \/>\n1084 Budapest, N\u00e9met utca 16<br \/>\nPresident: Andr\u00e1s R\u00e1kos<br \/>\nTel: (70) 643 8391<br \/>\ne-mail: info@utcaifoci.hu<\/p>\n","protected":false},"excerpt":{"rendered":"<p>Second Chance Sports Association 1084 Budapest, N\u00e9met utca 16 President: Andr\u00e1s R\u00e1kos Tel: (70) 643 8391 e-mail: info@utcaifoci.hu<\/p>\n","protected":false},"author":1,"featured_media":0,"parent":0,"menu_order":16,"comment_status":"closed","ping_status":"closed","template":"","meta":{"footnotes":""},"class_list":["post-1502","page","type-page","status-publish","hentry"],"_links":{"self":[{"href":"https:\/\/utcaifoci.hu\/index.php?rest_route=\/wp\/v2\/pages\/1502","targetHints":{"allow":["GET"]}}],"collection":[{"href":"https:\/\/utcaifoci.hu\/index.php?rest_route=\/wp\/v2\/pages"}],"about":[{"href":"https:\/\/utcaifoci.hu\/index.php?rest_route=\/wp\/v2\/types\/page"}],"author":[{"embeddable":true,"href":"https:\/\/utcaifoci.hu\/index.php?rest_route=\/wp\/v2\/users\/1"}],"replies":[{"embeddable":true,"href":"https:\/\/utcaifoci.hu\/index.php?rest_route=%2Fwp%2Fv2%2Fcomments&post=1502"}],"version-history":[{"count":6,"href":"https:\/\/utcaifoci.hu\/index.php?rest_route=\/wp\/v2\/pages\/1502\/revisions"}],"predecessor-version":[{"id":2768,"href":"https:\/\/utcaifoci.hu\/index.php?rest_route=\/wp\/v2\/pages\/1502\/revisions\/2768"}],"wp:attachment":[{"href":"https:\/\/utcaifoci.hu\/index.php?rest_route=%2Fwp%2Fv2%2Fmedia&parent=1502"}],"curies":[{"name":"wp","href":"https:\/\/api.w.org\/{rel}","templated":true}]}}