{"id":1234,"date":"2017-07-27T11:07:27","date_gmt":"2017-07-27T09:07:27","guid":{"rendered":"http:\/\/utcaifoci.hu\/?page_id=1234"},"modified":"2019-03-06T12:20:31","modified_gmt":"2019-03-06T10:20:31","slug":"tortenetunk","status":"publish","type":"page","link":"https:\/\/utcaifoci.hu\/?page_id=1234","title":{"rendered":"T\u00f6rt\u00e9net\u00fcnk"},"content":{"rendered":"<p>Az Oltalom Karitat\u00edv Egyes\u00fclet 2005-ben kezdte el a sportot, mint szem\u00e9lyis\u00e9gform\u00e1l\u00f3, ter\u00e1pi\u00e1s tev\u00e9kenys\u00e9get alkalmazni munk\u00e1j\u00e1ban. Az \u00f6tlet p\u00e1rtfogoltjainkt\u00f3l indult: a hajl\u00e9ktalan sz\u00e1ll\u00f3 lak\u00f3i jelezt\u00e9k, sz\u00edvesen focizn\u00e1nak egy\u00fctt alkalmank\u00e9nt, \u00edgy elindult egy akkor m\u00e9g csak hobbiszer\u0171, k\u00f6z\u00f6s \u00f6r\u00f6mfoci. Ebben az \u00e9vben R\u00e1kos Andr\u00e1s, az OKE munkat\u00e1rsa \u00e9s a nem sokkal k\u00e9s\u0151bb megalakul\u00f3 Oltalom Sportegyes\u00fclet eln\u00f6ke belefutott egy \u00fajs\u00e1gcikkbe a Hajl\u00e9ktalan Vil\u00e1gbajnoks\u00e1gr\u00f3l. Megmutatta a csapattagoknak, akik szint\u00e9n nagy lehet\u0151s\u00e9get l\u00e1ttak a Homeless World Cupon val\u00f3 r\u00e9szv\u00e9telben, \u00edgy, mivel ez \u00e9ppen egybeesett a nevez\u00e9si id\u0151szakkal, jelentkeztek a k\u00f6vetkez\u0151 \u00e9vi tort\u00e1ra. A Homeless World Cup elfogadta az Oltalom Sportegyes\u00fclet nevez\u00e9s\u00e9t, \u00edgy rendszeress\u00e9 v\u00e1ltak az edz\u00e9sek. Az OSE deleg\u00e1lta az els\u0151 magyar csapatot a Homeless World Cupra, amit abban az \u00e9vben (2006) D\u00e9l-Afrik\u00e1ban rendeztek meg.<\/p>\n<p><a href=\"http:\/\/utcaifoci.hu\/wp-content\/uploads\/2017\/07\/tortenetunk.jpg\"><img loading=\"lazy\" decoding=\"async\" class=\"aligncenter wp-image-1347\" src=\"http:\/\/utcaifoci.hu\/wp-content\/uploads\/2017\/07\/tortenetunk.jpg\" alt=\"\" width=\"700\" height=\"525\" srcset=\"https:\/\/utcaifoci.hu\/wp-content\/uploads\/2017\/07\/tortenetunk.jpg 785w, https:\/\/utcaifoci.hu\/wp-content\/uploads\/2017\/07\/tortenetunk-300x225.jpg 300w, https:\/\/utcaifoci.hu\/wp-content\/uploads\/2017\/07\/tortenetunk-768x576.jpg 768w, https:\/\/utcaifoci.hu\/wp-content\/uploads\/2017\/07\/tortenetunk-700x525.jpg 700w, https:\/\/utcaifoci.hu\/wp-content\/uploads\/2017\/07\/tortenetunk-533x400.jpg 533w\" sizes=\"auto, (max-width: 700px) 100vw, 700px\" \/><\/a><br \/>\n<a href=\"http:\/\/utcaifoci.hu\/wp-content\/uploads\/2017\/07\/1.jpg\"><img loading=\"lazy\" decoding=\"async\" class=\"aligncenter size-large wp-image-1636\" src=\"http:\/\/utcaifoci.hu\/wp-content\/uploads\/2017\/07\/1-1024x768.jpg\" alt=\"\" width=\"700\" height=\"525\" srcset=\"https:\/\/utcaifoci.hu\/wp-content\/uploads\/2017\/07\/1-1024x768.jpg 1024w, https:\/\/utcaifoci.hu\/wp-content\/uploads\/2017\/07\/1-300x225.jpg 300w, https:\/\/utcaifoci.hu\/wp-content\/uploads\/2017\/07\/1-768x576.jpg 768w, https:\/\/utcaifoci.hu\/wp-content\/uploads\/2017\/07\/1.jpg 1600w, https:\/\/utcaifoci.hu\/wp-content\/uploads\/2017\/07\/1-700x525.jpg 700w, https:\/\/utcaifoci.hu\/wp-content\/uploads\/2017\/07\/1-533x400.jpg 533w\" sizes=\"auto, (max-width: 700px) 100vw, 700px\" \/><\/a><\/p>\n<p>A vil\u00e1gversenyr\u0151l haza\u00e9rkez\u0151 j\u00e1t\u00e9kosokon l\u00e1tott v\u00e1ltoz\u00e1s gy\u0151zte meg az Oltalom vezet\u0151it arr\u00f3l, hogy \u00e9rdemes folytatni ezt a tev\u00e9kenys\u00e9get \u00e9s min\u00e9l t\u00f6bb sportol\u00f3 sz\u00e1m\u00e1ra tenni el\u00e9rhet\u0151v\u00e9 a rendszeres edz\u00e9seket \u00e9s verseny lehet\u0151s\u00e9geket.<br \/>\nKezdetben kiz\u00e1r\u00f3lag hajl\u00e9ktalanok k\u00f6r\u00e9ben, majd k\u00e9s\u0151bb, 2008-t\u00f3l a fiatalabb, de szint\u00e9n h\u00e1tr\u00e1nyos helyzet\u0171ek sz\u00e1m\u00e1ra is elkezdt\u00fck biztos\u00edtani a rendszeres \u00e9s ingyenes sportol\u00e1si lehet\u0151s\u00e9get.<\/p>\n<p><a href=\"http:\/\/utcaifoci.hu\/wp-content\/uploads\/2017\/07\/tortenetunk2.jpg\"><img loading=\"lazy\" decoding=\"async\" class=\"aligncenter wp-image-1348\" src=\"http:\/\/utcaifoci.hu\/wp-content\/uploads\/2017\/07\/tortenetunk2.jpg\" alt=\"\" width=\"700\" height=\"465\" srcset=\"https:\/\/utcaifoci.hu\/wp-content\/uploads\/2017\/07\/tortenetunk2.jpg 886w, https:\/\/utcaifoci.hu\/wp-content\/uploads\/2017\/07\/tortenetunk2-300x199.jpg 300w, https:\/\/utcaifoci.hu\/wp-content\/uploads\/2017\/07\/tortenetunk2-768x511.jpg 768w, https:\/\/utcaifoci.hu\/wp-content\/uploads\/2017\/07\/tortenetunk2-700x465.jpg 700w, https:\/\/utcaifoci.hu\/wp-content\/uploads\/2017\/07\/tortenetunk2-602x400.jpg 602w\" sizes=\"auto, (max-width: 700px) 100vw, 700px\" \/><\/a><\/p>\n","protected":false},"excerpt":{"rendered":"<p>Az Oltalom Karitat\u00edv Egyes\u00fclet 2005-ben kezdte el a sportot, mint szem\u00e9lyis\u00e9gform\u00e1l\u00f3, ter\u00e1pi\u00e1s tev\u00e9kenys\u00e9get alkalmazni munk\u00e1j\u00e1ban. Az \u00f6tlet p\u00e1rtfogoltjainkt\u00f3l indult: a hajl\u00e9ktalan sz\u00e1ll\u00f3 lak\u00f3i jelezt\u00e9k, sz\u00edvesen focizn\u00e1nak egy\u00fctt alkalmank\u00e9nt, \u00edgy elindult egy akkor m\u00e9g csak hobbiszer\u0171, k\u00f6z\u00f6s \u00f6r\u00f6mfoci. Ebben az \u00e9vben R\u00e1kos Andr\u00e1s, az OKE munkat\u00e1rsa \u00e9s a nem sokkal k\u00e9s\u0151bb megalakul\u00f3 Oltalom Sportegyes\u00fclet eln\u00f6ke belefutott &hellip; <a href=\"https:\/\/utcaifoci.hu\/?page_id=1234\" class=\"more-link\">Continue reading <span class=\"screen-reader-text\">T\u00f6rt\u00e9net\u00fcnk<\/span> <span class=\"meta-nav\">&rarr;<\/span><\/a><\/p>\n","protected":false},"author":1,"featured_media":0,"parent":1006,"menu_order":2,"comment_status":"closed","ping_status":"closed","template":"","meta":{"footnotes":""},"class_list":["post-1234","page","type-page","status-publish","hentry"],"_links":{"self":[{"href":"https:\/\/utcaifoci.hu\/index.php?rest_route=\/wp\/v2\/pages\/1234","targetHints":{"allow":["GET"]}}],"collection":[{"href":"https:\/\/utcaifoci.hu\/index.php?rest_route=\/wp\/v2\/pages"}],"about":[{"href":"https:\/\/utcaifoci.hu\/index.php?rest_route=\/wp\/v2\/types\/page"}],"author":[{"embeddable":true,"href":"https:\/\/utcaifoci.hu\/index.php?rest_route=\/wp\/v2\/users\/1"}],"replies":[{"embeddable":true,"href":"https:\/\/utcaifoci.hu\/index.php?rest_route=%2Fwp%2Fv2%2Fcomments&post=1234"}],"version-history":[{"count":5,"href":"https:\/\/utcaifoci.hu\/index.php?rest_route=\/wp\/v2\/pages\/1234\/revisions"}],"predecessor-version":[{"id":1638,"href":"https:\/\/utcaifoci.hu\/index.php?rest_route=\/wp\/v2\/pages\/1234\/revisions\/1638"}],"up":[{"embeddable":true,"href":"https:\/\/utcaifoci.hu\/index.php?rest_route=\/wp\/v2\/pages\/1006"}],"wp:attachment":[{"href":"https:\/\/utcaifoci.hu\/index.php?rest_route=%2Fwp%2Fv2%2Fmedia&parent=1234"}],"curies":[{"name":"wp","href":"https:\/\/api.w.org\/{rel}","templated":true}]}}

Történetünk

<p>Az Oltalom Karitatív Egyesület 2005-ben kezdte el a sportot, mint személyiségformáló, terápiás tevékenységet alkalmazni munkájában. Az ötlet pártfogoltjainktól indult: a hajléktalan szálló lakói jelezték, szívesen fociznának együtt alkalmanként, így elindult egy akkor még csak hobbiszerű, közös örömfoci. Ebben az évben Rákos András, az OKE munkatársa és a nem sokkal később megalakuló Oltalom Sportegyesület elnöke belefutott egy újságcikkbe a Hajléktalan Világbajnokságról. Megmutatta a csapattagoknak, akik szintén nagy lehetőséget láttak a Homeless World Cupon való részvételben, így, mivel ez éppen egybeesett a nevezési időszakkal, jelentkeztek a következő évi tortára. A Homeless World Cup elfogadta az Oltalom Sportegyesület nevezését, így rendszeressé váltak az edzések. Az OSE delegálta az első magyar csapatot a Homeless World Cupra, amit abban az évben (2006) Dél-Afrikában rendeztek meg.</p>
<p><a href="http://utcaifoci.hu/wp-content/uploads/2017/07/tortenetunk.jpg"><img loading="lazy" decoding="async" class="aligncenter wp-image-1347" src="http://utcaifoci.hu/wp-content/uploads/2017/07/tortenetunk.jpg" alt="" width="700" height="525" srcset="https://utcaifoci.hu/wp-content/uploads/2017/07/tortenetunk.jpg 785w, https://utcaifoci.hu/wp-content/uploads/2017/07/tortenetunk-300x225.jpg 300w, https://utcaifoci.hu/wp-content/uploads/2017/07/tortenetunk-768x576.jpg 768w, https://utcaifoci.hu/wp-content/uploads/2017/07/tortenetunk-700x525.jpg 700w, https://utcaifoci.hu/wp-content/uploads/2017/07/tortenetunk-533x400.jpg 533w" sizes="auto, (max-width: 700px) 100vw, 700px" /></a><br />
<a href="http://utcaifoci.hu/wp-content/uploads/2017/07/1.jpg"><img loading="lazy" decoding="async" class="aligncenter size-large wp-image-1636" src="http://utcaifoci.hu/wp-content/uploads/2017/07/1-1024x768.jpg" alt="" width="700" height="525" srcset="https://utcaifoci.hu/wp-content/uploads/2017/07/1-1024x768.jpg 1024w, https://utcaifoci.hu/wp-content/uploads/2017/07/1-300x225.jpg 300w, https://utcaifoci.hu/wp-content/uploads/2017/07/1-768x576.jpg 768w, https://utcaifoci.hu/wp-content/uploads/2017/07/1.jpg 1600w, https://utcaifoci.hu/wp-content/uploads/2017/07/1-700x525.jpg 700w, https://utcaifoci.hu/wp-content/uploads/2017/07/1-533x400.jpg 533w" sizes="auto, (max-width: 700px) 100vw, 700px" /></a></p>
<p>A világversenyről hazaérkező játékosokon látott változás győzte meg az Oltalom vezetőit arról, hogy érdemes folytatni ezt a tevékenységet és minél több sportoló számára tenni elérhetővé a rendszeres edzéseket és verseny lehetőségeket.<br />
Kezdetben kizárólag hajléktalanok körében, majd később, 2008-tól a fiatalabb, de szintén hátrányos helyzetűek számára is elkezdtük biztosítani a rendszeres és ingyenes sportolási lehetőséget.</p>
<p><a href="http://utcaifoci.hu/wp-content/uploads/2017/07/tortenetunk2.jpg"><img loading="lazy" decoding="async" class="aligncenter wp-image-1348" src="http://utcaifoci.hu/wp-content/uploads/2017/07/tortenetunk2.jpg" alt="" width="700" height="465" srcset="https://utcaifoci.hu/wp-content/uploads/2017/07/tortenetunk2.jpg 886w, https://utcaifoci.hu/wp-content/uploads/2017/07/tortenetunk2-300x199.jpg 300w, https://utcaifoci.hu/wp-content/uploads/2017/07/tortenetunk2-768x511.jpg 768w, https://utcaifoci.hu/wp-content/uploads/2017/07/tortenetunk2-700x465.jpg 700w, https://utcaifoci.hu/wp-content/uploads/2017/07/tortenetunk2-602x400.jpg 602w" sizes="auto, (max-width: 700px) 100vw, 700px" /></a></p>

<p>Az Oltalom Karitatív Egyesület 2005-ben kezdte el a sportot, mint személyiségformáló, terápiás tevékenységet alkalmazni munkájában. Az ötlet pártfogoltjainktól indult: a hajléktalan szálló lakói jelezték, szívesen fociznának együtt alkalmanként, így elindult egy akkor még csak hobbiszerű, közös örömfoci. Ebben az évben Rákos András, az OKE munkatársa és a nem sokkal később megalakuló Oltalom Sportegyesület elnöke belefutott &hellip; <a href="https://utcaifoci.hu/?page_id=1234" class="more-link">Continue reading <span class="screen-reader-text">Történetünk</span> <span class="meta-nav">&rarr;</span></a></p>
